Last updated on 2023-01-26 19:49:43 CET.
Flavor | Version | Tinstall | Tcheck | Ttotal | Status | Flags |
---|---|---|---|---|---|---|
r-devel-linux-x86_64-debian-clang | 0.1.2 | 2.06 | 27.73 | 29.79 | OK | |
r-devel-linux-x86_64-debian-gcc | 0.1.2 | 1.46 | 21.25 | 22.71 | OK | |
r-devel-linux-x86_64-fedora-clang | 0.1.2 | 37.95 | NOTE | |||
r-devel-linux-x86_64-fedora-gcc | 0.1.2 | 48.03 | NOTE | |||
r-patched-linux-x86_64 | 0.1.2 | 1.72 | 27.51 | 29.23 | OK | |
r-release-linux-x86_64 | 0.1.2 | 1.52 | 28.30 | 29.82 | OK | |
r-release-macos-arm64 | 0.1.2 | 18.00 | NOTE | |||
r-release-macos-x86_64 | 0.1.2 | 25.00 | NOTE | |||
r-release-windows-x86_64 | 0.1.2 | 13.00 | 59.00 | 72.00 | OK | |
r-oldrel-macos-arm64 | 0.1.2 | 24.00 | NOTE | |||
r-oldrel-macos-x86_64 | 0.1.2 | 33.00 | NOTE | |||
r-oldrel-windows-ix86+x86_64 | 0.1.2 | 6.00 | 51.00 | 57.00 | OK |
Version: 0.1.2
Check: data for non-ASCII characters
Result: NOTE
Note: found 1 marked UTF-8 string
Flavors: r-devel-linux-x86_64-fedora-clang, r-devel-linux-x86_64-fedora-gcc, r-release-macos-arm64, r-release-macos-x86_64, r-oldrel-macos-arm64, r-oldrel-macos-x86_64