CRAN Package Check Results for Package winfapReader

Last updated on 2021-11-28 19:49:10 CET.

Flavor Version Tinstall Tcheck Ttotal Status Flags
r-devel-linux-x86_64-debian-clang 0.1-3 ERROR
r-devel-linux-x86_64-debian-gcc 0.1-3 3.11 29.81 32.92 ERROR
r-devel-linux-x86_64-fedora-clang 0.1-3 62.59 ERROR
r-devel-linux-x86_64-fedora-gcc 0.1-3 50.61 ERROR
r-devel-windows-x86_64-new-UL 0.1-3 9.00 111.00 120.00 OK
r-devel-windows-x86_64-new-TK 0.1-3 OK
r-devel-windows-x86_64-old 0.1-3 6.00 94.00 100.00 OK
r-patched-linux-x86_64 0.1-3 4.00 60.36 64.36 OK
r-patched-solaris-x86 0.1-3 61.00 ERROR
r-release-linux-x86_64 0.1-3 3.77 34.23 38.00 ERROR
r-release-macos-arm64 0.1-3 OK
r-release-macos-x86_64 0.1-3 OK
r-release-windows-ix86+x86_64 0.1-3 10.00 67.00 77.00 OK
r-oldrel-macos-x86_64 0.1-3 OK
r-oldrel-windows-ix86+x86_64 0.1-3 8.00 93.00 101.00 OK

Check Details

Version: 0.1-3
Check: examples
Result: ERROR
    Running examples in 'winfapReader-Ex.R' failed
    The error most likely occurred in:
    
    > base::assign(".ptime", proc.time(), pos = "CheckExEnv")
    > ### Name: get_amax
    > ### Title: A function to obtain annual maxima (AMAX) data using the NRFA
    > ### API
    > ### Aliases: get_amax
    >
    > ### ** Examples
    >
    > a40003 <- get_amax(40003) # the Medway at Teston / East Farleigh
    Error in curl::curl_fetch_memory(url, handle = handle) :
     Timeout was reached: [nrfaapps.ceh.ac.uk] Connection timeout after 10001 ms
    Calls: get_amax ... request_fetch -> request_fetch.write_memory -> <Anonymous>
    Execution halted
Flavors: r-devel-linux-x86_64-debian-clang, r-release-linux-x86_64

Version: 0.1-3
Check: re-building of vignette outputs
Result: WARN
    Error(s) in re-building vignettes:
     ...
    --- re-building 'winfapReader.Rmd' using rmarkdown
    Quitting from lines 72-78 (winfapReader.Rmd)
    Error: processing vignette 'winfapReader.Rmd' failed with diagnostics:
    Timeout was reached: [nrfaapps.ceh.ac.uk] Connection timeout after 10001 ms
    --- failed re-building 'winfapReader.Rmd'
    
    SUMMARY: processing the following file failed:
     'winfapReader.Rmd'
    
    Error: Vignette re-building failed.
    Execution halted
Flavors: r-devel-linux-x86_64-debian-clang, r-release-linux-x86_64

Version: 0.1-3
Check: examples
Result: ERROR
    Running examples in ‘winfapReader-Ex.R’ failed
    The error most likely occurred in:
    
    > base::assign(".ptime", proc.time(), pos = "CheckExEnv")
    > ### Name: get_amax
    > ### Title: A function to obtain annual maxima (AMAX) data using the NRFA
    > ### API
    > ### Aliases: get_amax
    >
    > ### ** Examples
    >
    > a40003 <- get_amax(40003) # the Medway at Teston / East Farleigh
    Error in curl::curl_fetch_memory(url, handle = handle) :
     Failed to connect to nrfaapps.ceh.ac.uk port 443 after 2951 ms: No route to host
    Calls: get_amax ... request_fetch -> request_fetch.write_memory -> <Anonymous>
    Execution halted
Flavor: r-devel-linux-x86_64-debian-gcc

Version: 0.1-3
Check: re-building of vignette outputs
Result: WARN
    Error(s) in re-building vignettes:
     ...
    --- re-building ‘winfapReader.Rmd’ using rmarkdown
    Quitting from lines 72-78 (winfapReader.Rmd)
    Error: processing vignette ‘winfapReader.Rmd’ failed with diagnostics:
    Failed to connect to nrfaapps.ceh.ac.uk port 443 after 1320 ms: No route to host
    --- failed re-building ‘winfapReader.Rmd’
    
    SUMMARY: processing the following file failed:
     ‘winfapReader.Rmd’
    
    Error: Vignette re-building failed.
    Execution halted
Flavor: r-devel-linux-x86_64-debian-gcc

Version: 0.1-3
Check: examples
Result: ERROR
    Running examples in ‘winfapReader-Ex.R’ failed
    The error most likely occurred in:
    
    > ### Name: get_amax
    > ### Title: A function to obtain annual maxima (AMAX) data using the NRFA
    > ### API
    > ### Aliases: get_amax
    >
    > ### ** Examples
    >
    > a40003 <- get_amax(40003) # the Medway at Teston / East Farleigh
    Error in curl::curl_fetch_memory(url, handle = handle) :
     Timeout was reached: [nrfaapps.ceh.ac.uk] Connection timed out after 10000 milliseconds
    Calls: get_amax ... request_fetch -> request_fetch.write_memory -> <Anonymous>
    Execution halted
Flavors: r-devel-linux-x86_64-fedora-clang, r-devel-linux-x86_64-fedora-gcc

Version: 0.1-3
Check: re-building of vignette outputs
Result: WARN
    Error(s) in re-building vignettes:
    --- re-building ‘winfapReader.Rmd’ using rmarkdown
    Quitting from lines 72-78 (winfapReader.Rmd)
    Error: processing vignette 'winfapReader.Rmd' failed with diagnostics:
    Timeout was reached: [nrfaapps.ceh.ac.uk] Connection timed out after 10000 milliseconds
    --- failed re-building ‘winfapReader.Rmd’
    
    SUMMARY: processing the following file failed:
     ‘winfapReader.Rmd’
    
    Error: Vignette re-building failed.
    Execution halted
Flavors: r-devel-linux-x86_64-fedora-clang, r-devel-linux-x86_64-fedora-gcc

Version: 0.1-3
Check: examples
Result: ERROR
    Running examples in ‘winfapReader-Ex.R’ failed
    The error most likely occurred in:
    
    > ### Name: get_amax
    > ### Title: A function to obtain annual maxima (AMAX) data using the NRFA
    > ### API
    > ### Aliases: get_amax
    >
    > ### ** Examples
    >
    > a40003 <- get_amax(40003) # the Medway at Teston / East Farleigh
    Error in curl::curl_fetch_memory(url, handle = handle) :
     Timeout was reached: [nrfaapps.ceh.ac.uk] Connection timeout after 10000 ms
    Calls: get_amax ... request_fetch -> request_fetch.write_memory -> <Anonymous>
    Execution halted
Flavor: r-patched-solaris-x86