Last updated on 2022-05-22 21:54:05 CEST.
Flavor | Version | Tinstall | Tcheck | Ttotal | Status | Flags |
---|---|---|---|---|---|---|
r-devel-linux-x86_64-debian-clang | 1.0.4 | 256.31 | 301.42 | 557.73 | OK | |
r-devel-linux-x86_64-debian-gcc | 1.0.4 | 198.80 | 239.45 | 438.25 | OK | |
r-devel-linux-x86_64-fedora-clang | 1.0.4 | 762.03 | NOTE | |||
r-devel-linux-x86_64-fedora-gcc | 1.0.4 | 695.86 | OK | |||
r-devel-windows-x86_64 | 1.0.4 | 196.00 | 334.00 | 530.00 | OK | |
r-patched-linux-x86_64 | 1.0.4 | 200.87 | 262.46 | 463.33 | OK | |
r-release-linux-x86_64 | 1.0.4 | 223.06 | 255.19 | 478.25 | OK | |
r-release-macos-arm64 | 1.0.4 | 168.00 | NOTE | |||
r-release-macos-x86_64 | 1.0.4 | 205.00 | NOTE | |||
r-release-windows-x86_64 | 1.0.4 | 191.00 | 292.00 | 483.00 | OK | |
r-oldrel-macos-arm64 | 1.0.4 | 185.00 | NOTE | |||
r-oldrel-macos-x86_64 | 1.0.4 | 322.00 | NOTE | |||
r-oldrel-windows-ix86+x86_64 | 1.0.4 | 619.00 | 409.00 | 1028.00 | OK |
Version: 1.0.4
Check: installed package size
Result: NOTE
installed size is 7.2Mb
sub-directories of 1Mb or more:
libs 6.4Mb
Flavors: r-devel-linux-x86_64-fedora-clang, r-release-macos-arm64, r-release-macos-x86_64, r-oldrel-macos-arm64, r-oldrel-macos-x86_64