CRAN Package Check Results for Package wordbankr

Last updated on 2021-12-04 19:53:15 CET.

Flavor Version Tinstall Tcheck Ttotal Status Flags
r-devel-linux-x86_64-debian-clang 0.3.1 15.46 153.01 168.47 OK
r-devel-linux-x86_64-debian-gcc 0.3.1 11.42 116.34 127.76 OK
r-devel-linux-x86_64-fedora-clang 0.3.1 211.71 NOTE
r-devel-linux-x86_64-fedora-gcc 0.3.1 192.97 NOTE
r-devel-windows-x86_64-new-UL 0.3.1 26.00 298.00 324.00 OK
r-devel-windows-x86_64-new-TK 0.3.1 NOTE
r-devel-windows-x86_64-old 0.3.1 26.00 243.00 269.00 OK
r-patched-linux-x86_64 0.3.1 14.15 135.70 149.85 OK
r-release-linux-x86_64 0.3.1 15.51 138.35 153.86 OK
r-release-macos-arm64 0.3.1 NOTE
r-release-macos-x86_64 0.3.1 NOTE
r-release-windows-ix86+x86_64 0.3.1 37.00 294.00 331.00 OK
r-oldrel-macos-x86_64 0.3.1 NOTE
r-oldrel-windows-ix86+x86_64 0.3.1 37.00 287.00 324.00 OK

Check Details

Version: 0.3.1
Check: dependencies in R code
Result: NOTE
    Namespace in Imports field not imported from: ‘dbplyr’
     All declared Imports should be used.
Flavors: r-devel-linux-x86_64-fedora-clang, r-devel-linux-x86_64-fedora-gcc, r-devel-windows-x86_64-new-TK, r-release-macos-arm64, r-release-macos-x86_64, r-oldrel-macos-x86_64