CRAN Package Check Results for Package wordcloud

Last updated on 2022-01-22 20:48:53 CET.

Flavor Version Tinstall Tcheck Ttotal Status Flags
r-devel-linux-x86_64-debian-clang 2.6 18.58 42.20 60.78 OK
r-devel-linux-x86_64-debian-gcc 2.6 12.44 32.39 44.83 OK
r-devel-linux-x86_64-fedora-clang 2.6 88.42 NOTE
r-devel-linux-x86_64-fedora-gcc 2.6 65.86 NOTE
r-devel-windows-x86_64-new-UL 2.6 31.00 82.00 113.00 OK
r-devel-windows-x86_64-new-TK 2.6 NOTE
r-patched-linux-x86_64 2.6 12.93 40.51 53.44 OK
r-release-linux-x86_64 2.6 14.45 40.38 54.83 OK
r-release-macos-arm64 2.6 NOTE
r-release-macos-x86_64 2.6 NOTE
r-release-windows-ix86+x86_64 2.6 50.00 80.00 130.00 OK
r-oldrel-macos-x86_64 2.6 NOTE
r-oldrel-windows-ix86+x86_64 2.6 50.00 78.00 128.00 OK

Check Details

Version: 2.6
Check: data for non-ASCII characters
Result: NOTE
     Note: found 2 marked UTF-8 strings
Flavors: r-devel-linux-x86_64-fedora-clang, r-devel-linux-x86_64-fedora-gcc, r-devel-windows-x86_64-new-TK, r-release-macos-arm64, r-release-macos-x86_64, r-oldrel-macos-x86_64