CRAN Package Check Results for Package wordcloud2

Last updated on 2022-01-16 19:49:44 CET.

Flavor Version Tinstall Tcheck Ttotal Status Flags
r-devel-linux-x86_64-debian-clang 0.2.1 2.55 37.28 39.83 OK
r-devel-linux-x86_64-debian-gcc 0.2.1 2.11 29.44 31.55 OK
r-devel-linux-x86_64-fedora-clang 0.2.1 53.19 NOTE
r-devel-linux-x86_64-fedora-gcc 0.2.1 39.12 NOTE
r-devel-windows-x86_64-new-UL 0.2.1 38.00 79.00 117.00 OK
r-devel-windows-x86_64-new-TK 0.2.1 NOTE
r-patched-linux-x86_64 0.2.1 2.36 35.07 37.43 OK
r-release-linux-x86_64 0.2.1 OK
r-release-macos-arm64 0.2.1 NOTE
r-release-macos-x86_64 0.2.1 WARN
r-release-windows-ix86+x86_64 0.2.1 6.00 48.00 54.00 OK
r-oldrel-macos-x86_64 0.2.1 WARN
r-oldrel-windows-ix86+x86_64 0.2.1 8.00 47.00 55.00 OK

Check Details

Version: 0.2.1
Check: data for non-ASCII characters
Result: NOTE
     Note: found 933 marked UTF-8 strings
Flavors: r-devel-linux-x86_64-fedora-clang, r-devel-linux-x86_64-fedora-gcc, r-devel-windows-x86_64-new-TK, r-release-macos-arm64, r-release-macos-x86_64, r-oldrel-macos-x86_64

Version: 0.2.1
Check: re-building of vignette outputs
Result: WARN
    Error(s) in re-building vignettes:
     ...
    --- re-building ‘wordcloud.Rmd’ using rmarkdown
    Warning in engine$weave(file, quiet = quiet, encoding = enc) :
     Pandoc (>= 1.12.3) not available. Falling back to R Markdown v1.
    Quitting from lines 37-39 (wordcloud.Rmd)
    Error: processing vignette 'wordcloud.Rmd' failed with diagnostics:
    invalid 'path' argument
    --- failed re-building ‘wordcloud.Rmd’
    
    SUMMARY: processing the following file failed:
     ‘wordcloud.Rmd’
    
    Error: Vignette re-building failed.
    Execution halted
Flavor: r-release-macos-x86_64

Version: 0.2.1
Check: re-building of vignette outputs
Result: WARN
    Error(s) in re-building vignettes:
     ...
    --- re-building ‘wordcloud.Rmd’ using rmarkdown
    Warning in engine$weave(file, quiet = quiet, encoding = enc) :
     Pandoc (>= 1.12.3) and/or pandoc-citeproc not available. Falling back to R Markdown v1.
    Quitting from lines 37-39 (wordcloud.Rmd)
    Error: processing vignette 'wordcloud.Rmd' failed with diagnostics:
    cannot open the connection
    --- failed re-building ‘wordcloud.Rmd’
    
    SUMMARY: processing the following file failed:
     ‘wordcloud.Rmd’
    
    Error: Vignette re-building failed.
    Execution halted
Flavor: r-oldrel-macos-x86_64