Last updated on 2025-01-18 19:49:23 CET.
Flavor | Version | Tinstall | Tcheck | Ttotal | Status | Flags |
---|---|---|---|---|---|---|
r-devel-linux-x86_64-debian-clang | 2.1.3 | 2.66 | 31.93 | 34.59 | NOTE | |
r-devel-linux-x86_64-debian-gcc | 2.1.3 | 2.05 | 25.18 | 27.23 | NOTE | |
r-devel-linux-x86_64-fedora-clang | 2.1.3 | 58.77 | NOTE | |||
r-devel-linux-x86_64-fedora-gcc | 2.1.3 | 67.56 | NOTE | |||
r-devel-windows-x86_64 | 2.1.3 | 5.00 | 62.00 | 67.00 | NOTE | |
r-patched-linux-x86_64 | 2.1.3 | 2.49 | 30.54 | 33.03 | NOTE | |
r-release-linux-x86_64 | 2.1.3 | 2.34 | 30.50 | 32.84 | NOTE | |
r-release-macos-arm64 | 2.1.3 | 29.00 | NOTE | |||
r-release-macos-x86_64 | 2.1.3 | 37.00 | NOTE | |||
r-release-windows-x86_64 | 2.1.3 | 4.00 | 62.00 | 66.00 | NOTE | |
r-oldrel-macos-arm64 | 2.1.3 | 27.00 | OK | |||
r-oldrel-macos-x86_64 | 2.1.3 | 40.00 | OK | |||
r-oldrel-windows-x86_64 | 2.1.3 | 5.00 | 62.00 | 67.00 | OK |
Version: 2.1.3
Check: Rd files
Result: NOTE
checkRd: (-1) wordpiece_cache_dir.Rd:16-17: Lost braces in \itemize; meant \describe ?
checkRd: (-1) wordpiece_cache_dir.Rd:18-19: Lost braces in \itemize; meant \describe ?
checkRd: (-1) wordpiece_cache_dir.Rd:20-21: Lost braces in \itemize; meant \describe ?
Flavors: r-devel-linux-x86_64-debian-clang, r-devel-linux-x86_64-debian-gcc, r-devel-linux-x86_64-fedora-clang, r-devel-linux-x86_64-fedora-gcc, r-devel-windows-x86_64, r-patched-linux-x86_64, r-release-linux-x86_64, r-release-macos-arm64, r-release-macos-x86_64, r-release-windows-x86_64