CRAN Package Check Results for Package wpa

Last updated on 2024-02-20 19:51:21 CET.

Flavor Version Tinstall Tcheck Ttotal Status Flags
r-devel-linux-x86_64-debian-clang 1.9.0 NOTE
r-devel-linux-x86_64-debian-gcc 1.9.0 24.89 319.54 344.43 NOTE
r-devel-linux-x86_64-fedora-clang 1.9.0 567.98 NOTE
r-devel-linux-x86_64-fedora-gcc 1.9.0 556.67 NOTE
r-devel-windows-x86_64 1.9.0 27.00 374.00 401.00 OK
r-patched-linux-x86_64 1.9.0 30.58 424.76 455.34 OK
r-release-linux-x86_64 1.9.0 19.74 417.89 437.63 OK
r-release-macos-arm64 1.9.0 145.00 OK
r-release-macos-x86_64 1.9.0 322.00 OK
r-release-windows-x86_64 1.9.0 36.00 480.00 516.00 OK
r-oldrel-macos-arm64 1.9.0 135.00 OK
r-oldrel-windows-x86_64 1.9.0 38.00 440.00 478.00 OK

Check Details

Version: 1.9.0
Check: Rd files
Result: NOTE checkRd: (-1) theme_wpa.Rd:16: Lost braces; missing escapes or markup? 16 | you can use this font, install and load {extrafont} prior to | ^ Flavors: r-devel-linux-x86_64-debian-clang, r-devel-linux-x86_64-debian-gcc, r-devel-linux-x86_64-fedora-clang, r-devel-linux-x86_64-fedora-gcc