CRAN Package Check Results for Package wrProteo

Last updated on 2022-09-30 21:49:13 CEST.

Flavor Version Tinstall Tcheck Ttotal Status Flags
r-devel-linux-x86_64-debian-clang 1.6.0 10.41 301.36 311.77 OK
r-devel-linux-x86_64-debian-gcc 1.6.0 9.41 211.99 221.40 OK
r-devel-linux-x86_64-fedora-clang 1.6.0 394.65 NOTE
r-devel-linux-x86_64-fedora-gcc 1.6.0 392.49 OK
r-devel-windows-x86_64 1.6.0 33.00 347.00 380.00 NOTE
r-patched-linux-x86_64 1.6.0 18.07 288.38 306.45 OK
r-release-linux-x86_64 1.6.0 11.79 287.80 299.59 OK
r-release-macos-arm64 1.6.0 94.00 NOTE
r-release-macos-x86_64 1.6.0 147.00 NOTE
r-release-windows-x86_64 1.6.0 45.00 364.00 409.00 NOTE
r-oldrel-macos-arm64 1.6.0 100.00 NOTE
r-oldrel-macos-x86_64 1.6.0 137.00 NOTE
r-oldrel-windows-ix86+x86_64 1.6.0 20.00 353.00 373.00 NOTE

Check Details

Version: 1.6.0
Check: installed package size
Result: NOTE
     installed size is 6.3Mb
     sub-directories of 1Mb or more:
     doc 3.3Mb
     extdata 2.4Mb
Flavors: r-devel-linux-x86_64-fedora-clang, r-devel-windows-x86_64, r-release-macos-arm64, r-release-macos-x86_64, r-release-windows-x86_64, r-oldrel-macos-arm64, r-oldrel-macos-x86_64, r-oldrel-windows-ix86+x86_64

Version: 1.6.0
Check: package dependencies
Result: NOTE
    Package suggested but not available for checking: ‘ROTS’
Flavors: r-release-macos-arm64, r-release-macos-x86_64, r-oldrel-macos-arm64, r-oldrel-macos-x86_64