CRAN Package Check Results for Package wsrf

Last updated on 2021-12-03 19:50:32 CET.

Flavor Version Tinstall Tcheck Ttotal Status Flags
r-devel-linux-x86_64-debian-clang 1.7.22 85.24 42.19 127.43 OK
r-devel-linux-x86_64-debian-gcc 1.7.22 60.22 33.13 93.35 OK
r-devel-linux-x86_64-fedora-clang 1.7.22 210.13 OK
r-devel-linux-x86_64-fedora-gcc 1.7.22 173.56 OK
r-devel-windows-x86_64-new-UL 1.7.22 106.00 115.00 221.00 OK
r-devel-windows-x86_64-new-TK 1.7.22 OK
r-devel-windows-x86_64-old 1.7.22 110.00 64.00 174.00 OK
r-patched-linux-x86_64 1.7.22 72.90 40.32 113.22 OK
r-release-linux-x86_64 1.7.22 70.67 40.48 111.15 OK
r-release-macos-arm64 1.7.22 NOTE
r-release-macos-x86_64 1.7.22 OK
r-release-windows-ix86+x86_64 1.7.22 216.00 102.00 318.00 OK
r-oldrel-macos-x86_64 1.7.22 OK
r-oldrel-windows-ix86+x86_64 1.7.22 215.00 102.00 317.00 OK

Check Details

Version: 1.7.22
Check: installed package size
Result: NOTE
     installed size is 5.7Mb
     sub-directories of 1Mb or more:
     libs 5.5Mb
Flavor: r-release-macos-arm64