CRAN Package Check Results for Package xVA

Last updated on 2024-06-13 21:49:37 CEST.

Flavor Version Tinstall Tcheck Ttotal Status Flags
r-devel-linux-x86_64-debian-clang 1.1 12.45 117.57 130.02 OK
r-devel-linux-x86_64-debian-gcc 1.1 0.36 1.70 2.06 ERROR
r-devel-linux-x86_64-fedora-clang 1.1 161.34 OK
r-devel-linux-x86_64-fedora-gcc 1.1 150.12 OK
r-devel-windows-x86_64 1.1 11.00 94.00 105.00 OK
r-patched-linux-x86_64 1.1 7.32 109.42 116.74 OK
r-release-linux-x86_64 1.1 8.81 110.72 119.53 OK
r-release-macos-arm64 1.1 44.00 OK
r-release-macos-x86_64 1.1 70.00 OK
r-release-windows-x86_64 1.1 11.00 95.00 106.00 OK
r-oldrel-macos-arm64 1.1 38.00 OK
r-oldrel-macos-x86_64 1.1 65.00 OK
r-oldrel-windows-x86_64 1.1 15.00 113.00 128.00 OK

Check Details

Version: 1.1
Check: package dependencies
Result: ERROR Packages required but not available: 'SACCR', 'Trading' See section ‘The DESCRIPTION file’ in the ‘Writing R Extensions’ manual. Flavor: r-devel-linux-x86_64-debian-gcc