CRAN Package Check Results for Package xlsx

Last updated on 2018-01-22 19:46:59 CET.

Flavor Version Tinstall Tcheck Ttotal Status Flags
r-devel-linux-x86_64-debian-clang 0.5.7 3.10 73.95 77.05 NOTE
r-devel-linux-x86_64-debian-gcc 0.5.7 2.75 61.49 64.24 NOTE
r-devel-linux-x86_64-fedora-clang 0.5.7 98.12 NOTE
r-devel-linux-x86_64-fedora-gcc 0.5.7 95.61 NOTE
r-devel-windows-ix86+x86_64 0.5.7 7.00 78.00 85.00 NOTE
r-patched-linux-x86_64 0.5.7 3.07 78.44 81.51 NOTE
r-patched-solaris-x86 0.5.7 111.40 NOTE
r-release-linux-x86_64 0.5.7 3.60 78.41 82.01 NOTE
r-release-windows-ix86+x86_64 0.5.7 11.00 87.00 98.00 NOTE
r-release-osx-x86_64 0.5.7 NOTE
r-oldrel-windows-ix86+x86_64 0.5.7 9.00 85.00 94.00 NOTE
r-oldrel-osx-x86_64 0.5.7 NOTE

Check Details

Version: 0.5.7
Check: S3 generic/method consistency
Result: NOTE
    Found the following apparent S3 methods exported but not registered:
     +.CellStyle CellBlock.default CellStyle.default
    See section ‘Registering S3 methods’ in the ‘Writing R Extensions’
    manual.
Flavors: r-devel-linux-x86_64-debian-clang, r-devel-linux-x86_64-debian-gcc, r-devel-linux-x86_64-fedora-clang, r-devel-linux-x86_64-fedora-gcc, r-patched-linux-x86_64, r-patched-solaris-x86, r-release-linux-x86_64

Version: 0.5.7
Check: R code for possible problems
Result: NOTE
    .xssfcolor: no visible global function definition for ‘col2rgb’
    Undefined global functions or variables:
     col2rgb
    Consider adding
     importFrom("grDevices", "col2rgb")
    to your NAMESPACE file.
Flavors: r-devel-linux-x86_64-debian-clang, r-devel-linux-x86_64-debian-gcc, r-devel-linux-x86_64-fedora-clang, r-devel-linux-x86_64-fedora-gcc, r-devel-windows-ix86+x86_64, r-patched-linux-x86_64, r-patched-solaris-x86, r-release-linux-x86_64, r-release-windows-ix86+x86_64, r-release-osx-x86_64, r-oldrel-windows-ix86+x86_64, r-oldrel-osx-x86_64