CRAN Package Check Results for Package xlsx

Last updated on 2017-07-22 21:48:49.

Flavor Version Tinstall Tcheck Ttotal Status Flags
r-devel-linux-x86_64-debian-clang 0.5.7 2.12 50.74 52.86 NOTE
r-devel-linux-x86_64-debian-gcc 0.5.7 1.96 49.91 51.88 NOTE
r-devel-linux-x86_64-fedora-clang 0.5.7 98.78 NOTE
r-devel-linux-x86_64-fedora-gcc 0.5.7 97.59 NOTE
r-devel-windows-ix86+x86_64 0.5.7 6.00 72.00 78.00 NOTE
r-patched-linux-x86_64 0.5.7 1.93 51.25 53.18 NOTE
r-patched-solaris-x86 0.5.7 100.30 NOTE
r-release-linux-x86_64 0.5.7 2.09 49.68 51.77 NOTE
r-release-windows-ix86+x86_64 0.5.7 7.00 73.00 80.00 NOTE
r-release-osx-x86_64 0.5.7 NOTE
r-oldrel-windows-ix86+x86_64 0.5.7 6.00 68.00 74.00 NOTE
r-oldrel-osx-x86_64 0.5.7 NOTE

Check Details

Version: 0.5.7
Check: S3 generic/method consistency
Result: NOTE
    Found the following apparent S3 methods exported but not registered:
     +.CellStyle CellBlock.default CellStyle.default
    See section ‘Registering S3 methods’ in the ‘Writing R Extensions’
    manual.
Flavors: r-devel-linux-x86_64-debian-clang, r-devel-linux-x86_64-debian-gcc, r-devel-linux-x86_64-fedora-clang, r-devel-linux-x86_64-fedora-gcc, r-patched-linux-x86_64, r-patched-solaris-x86, r-release-linux-x86_64

Version: 0.5.7
Check: R code for possible problems
Result: NOTE
    .xssfcolor: no visible global function definition for ‘col2rgb’
    Undefined global functions or variables:
     col2rgb
    Consider adding
     importFrom("grDevices", "col2rgb")
    to your NAMESPACE file.
Flavors: r-devel-linux-x86_64-debian-clang, r-devel-linux-x86_64-debian-gcc, r-devel-linux-x86_64-fedora-clang, r-devel-linux-x86_64-fedora-gcc, r-devel-windows-ix86+x86_64, r-patched-linux-x86_64, r-patched-solaris-x86, r-release-linux-x86_64, r-release-windows-ix86+x86_64, r-release-osx-x86_64, r-oldrel-windows-ix86+x86_64, r-oldrel-osx-x86_64