CRAN Package Check Results for Package xlsx

Last updated on 2016-12-10 18:50:00.

Flavor Version Tinstall Tcheck Ttotal Status Flags
r-devel-linux-x86_64-debian-clang 0.5.7 2.28 38.35 40.64 NOTE
r-devel-linux-x86_64-debian-gcc 0.5.7 2.17 37.73 39.91 NOTE
r-devel-linux-x86_64-fedora-clang 0.5.7 100.10 NOTE --no-stop-on-test-error
r-devel-linux-x86_64-fedora-gcc 0.5.7 94.70 NOTE --no-stop-on-test-error
r-devel-macos-x86_64-clang 0.5.7 78.90 NOTE --no-stop-on-test-error
r-devel-windows-ix86+x86_64 0.5.7 9.00 70.00 79.00 NOTE
r-patched-linux-x86_64 0.5.7 1.85 33.38 35.22 NOTE
r-patched-solaris-sparc 0.5.7 387.90 NOTE
r-patched-solaris-x86 0.5.7 84.50 NOTE
r-release-linux-x86_64 0.5.7 1.86 33.36 35.21 NOTE
r-release-osx-x86_64-mavericks 0.5.7 NOTE
r-release-windows-ix86+x86_64 0.5.7 6.00 68.00 74.00 NOTE
r-oldrel-windows-ix86+x86_64 0.5.7 7.00 102.00 109.00 OK

Check Details

Version: 0.5.7
Check: S3 generic/method consistency
Result: NOTE
    Found the following apparent S3 methods exported but not registered:
     +.CellStyle CellBlock.default CellStyle.default
    See section ‘Registering S3 methods’ in the ‘Writing R Extensions’
    manual.
Flavors: r-devel-linux-x86_64-debian-clang, r-devel-linux-x86_64-debian-gcc, r-patched-linux-x86_64, r-patched-solaris-sparc, r-patched-solaris-x86, r-release-linux-x86_64

Version: 0.5.7
Check: R code for possible problems
Result: NOTE
    .xssfcolor: no visible global function definition for ‘col2rgb’
    Undefined global functions or variables:
     col2rgb
    Consider adding
     importFrom("grDevices", "col2rgb")
    to your NAMESPACE file.
Flavors: r-devel-linux-x86_64-debian-clang, r-devel-linux-x86_64-debian-gcc, r-devel-windows-ix86+x86_64, r-patched-linux-x86_64, r-patched-solaris-sparc, r-patched-solaris-x86, r-release-linux-x86_64, r-release-osx-x86_64-mavericks, r-release-windows-ix86+x86_64

Version: 0.5.7
Flags: --no-stop-on-test-error
Check: S3 generic/method consistency
Result: NOTE
    Found the following apparent S3 methods exported but not registered:
     +.CellStyle CellBlock.default CellStyle.default
    See section ‘Registering S3 methods’ in the ‘Writing R Extensions’
    manual.
Flavors: r-devel-linux-x86_64-fedora-clang, r-devel-linux-x86_64-fedora-gcc, r-devel-macos-x86_64-clang

Version: 0.5.7
Flags: --no-stop-on-test-error
Check: R code for possible problems
Result: NOTE
    .xssfcolor: no visible global function definition for ‘col2rgb’
    Undefined global functions or variables:
     col2rgb
    Consider adding
     importFrom("grDevices", "col2rgb")
    to your NAMESPACE file.
Flavors: r-devel-linux-x86_64-fedora-clang, r-devel-linux-x86_64-fedora-gcc, r-devel-macos-x86_64-clang