CRAN Package Check Results for Package xrnet

Last updated on 2024-02-28 19:49:53 CET.

Flavor Version Tinstall Tcheck Ttotal Status Flags
r-devel-linux-x86_64-debian-clang 0.1.7 117.59 60.81 178.40 NOTE
r-devel-linux-x86_64-debian-gcc 0.1.7 102.59 50.84 153.43 NOTE
r-devel-linux-x86_64-fedora-clang 0.1.7 217.45 NOTE
r-devel-linux-x86_64-fedora-gcc 0.1.7 269.11 NOTE
r-devel-windows-x86_64 0.1.7 81.00 97.00 178.00 NOTE
r-patched-linux-x86_64 0.1.7 122.34 65.08 187.42 NOTE
r-release-linux-x86_64 0.1.7 124.97 63.95 188.92 NOTE
r-release-macos-arm64 0.1.7 78.00 NOTE
r-release-macos-x86_64 0.1.7 128.00 NOTE
r-release-windows-x86_64 0.1.7 105.00 112.00 217.00 NOTE
r-oldrel-macos-arm64 0.1.7 67.00 NOTE
r-oldrel-windows-x86_64 0.1.7 99.00 105.00 204.00 OK

Check Details

Version: 0.1.7
Check: C++ specification
Result: NOTE Specified C++11: please drop specification unless essential Flavors: r-devel-linux-x86_64-debian-clang, r-devel-linux-x86_64-debian-gcc, r-devel-linux-x86_64-fedora-clang, r-devel-linux-x86_64-fedora-gcc, r-devel-windows-x86_64, r-patched-linux-x86_64, r-release-linux-x86_64, r-release-macos-arm64, r-release-macos-x86_64, r-release-windows-x86_64

Version: 0.1.7
Check: installed package size
Result: NOTE installed size is 25.8Mb sub-directories of 1Mb or more: libs 25.4Mb Flavors: r-release-macos-arm64, r-release-macos-x86_64, r-oldrel-macos-arm64