CRAN Package Check Results for Package xspliner

Last updated on 2022-01-24 20:18:07 CET.

Flavor Version Tinstall Tcheck Ttotal Status Flags
r-devel-linux-x86_64-debian-clang 0.0.4 3.90 251.59 255.49 NOTE
r-devel-linux-x86_64-debian-gcc 0.0.4 1.93 190.65 192.58 NOTE
r-devel-linux-x86_64-fedora-clang 0.0.4 315.66 NOTE
r-devel-linux-x86_64-fedora-gcc 0.0.4 314.17 NOTE
r-devel-windows-x86_64-new-UL 0.0.4 48.00 306.00 354.00 NOTE
r-devel-windows-x86_64-new-TK 0.0.4 ERROR
r-patched-linux-x86_64 0.0.4 3.86 260.26 264.12 NOTE
r-release-linux-x86_64 0.0.4 2.49 254.67 257.16 NOTE
r-release-macos-arm64 0.0.4 NOTE
r-release-macos-x86_64 0.0.4 NOTE
r-release-windows-ix86+x86_64 0.0.4 8.00 347.00 355.00 NOTE
r-oldrel-macos-x86_64 0.0.4 OK
r-oldrel-windows-ix86+x86_64 0.0.4 9.00 348.00 357.00 OK

Check Details

Version: 0.0.4
Check: LazyData
Result: NOTE
     'LazyData' is specified without a 'data' directory
Flavors: r-devel-linux-x86_64-debian-clang, r-devel-linux-x86_64-debian-gcc, r-devel-linux-x86_64-fedora-clang, r-devel-linux-x86_64-fedora-gcc, r-devel-windows-x86_64-new-UL, r-devel-windows-x86_64-new-TK, r-patched-linux-x86_64, r-release-linux-x86_64, r-release-macos-arm64, r-release-macos-x86_64, r-release-windows-ix86+x86_64

Version: 0.0.4
Check: package dependencies
Result: NOTE
    Package suggested but not available for checking: 'factorMerger'
Flavor: r-devel-windows-x86_64-new-TK

Version: 0.0.4
Check: examples
Result: ERROR
    Running examples in 'xspliner-Ex.R' failed
    The error most likely occurred in:
    
    > ### Name: plot_variable_transition
    > ### Title: Plot variable profile
    > ### Aliases: plot_variable_transition
    >
    > ### ** Examples
    >
    > library(randomForest)
    randomForest 4.6-14
    Type rfNews() to see new features/changes/bug fixes.
    > set.seed(1)
    > data <- iris
    > # regression model
    > iris.rf <- randomForest(Petal.Width ~ Sepal.Length + Petal.Length + Species, data = data)
    > iris.xs <- xspline(iris.rf)
    Error in loadNamespace(x) : there is no package called 'factorMerger'
    Calls: xspline ... loadNamespace -> withRestarts -> withOneRestart -> doWithOneRestart
    Execution halted
Flavor: r-devel-windows-x86_64-new-TK

Version: 0.0.4
Check: re-building of vignette outputs
Result: WARN
    Error(s) in re-building vignettes:
    --- re-building 'automation.Rmd' using rmarkdown
    
    Attaching package: 'xspliner'
    
    The following object is masked from 'package:graphics':
    
     xspline
    
    randomForest 4.6-14
    Type rfNews() to see new features/changes/bug fixes.
    Quitting from lines 23-33 (automation.Rmd)
    Error: processing vignette 'automation.Rmd' failed with diagnostics:
    there is no package called 'factorMerger'
    --- failed re-building 'automation.Rmd'
    
    --- re-building 'cases.Rmd' using rmarkdown
    Welcome to DALEX (version: 2.3.0).
    Find examples and detailed introduction at: http://ema.drwhy.ai/
    Additional features will be available after installation of: ggpubr.
    Use 'install_dependencies()' to get all suggested dependencies
    
    Attaching package: 'DALEX'
    
    The following object is masked _by_ '.GlobalEnv':
    
     HR
    
    Loading required package: ggplot2
    
    Attaching package: 'ggplot2'
    
    The following object is masked from 'package:randomForest':
    
     margin
    
    Loading required package: lattice
    Quitting from lines 37-48 (cases.Rmd)
    Error: processing vignette 'cases.Rmd' failed with diagnostics:
    there is no package called 'factorMerger'
    --- failed re-building 'cases.Rmd'
    
    --- re-building 'discrete.Rmd' using rmarkdown
    Quitting from lines 88-95 (discrete.Rmd)
    Error: processing vignette 'discrete.Rmd' failed with diagnostics:
    there is no package called 'factorMerger'
    --- failed re-building 'discrete.Rmd'
    
    --- re-building 'extras.Rmd' using rmarkdown
    Warning in mgcv::pcls(G) :
     initial point very close to some inequality constraints
    Warning in mgcv::pcls(G) :
     initial parameters very close to inequality constraints
    Warning in mgcv::pcls(G) :
     initial point very close to some inequality constraints
    Warning in mgcv::pcls(G) :
     initial parameters very close to inequality constraints
    Warning in mgcv::pcls(G) :
     initial point very close to some inequality constraints
    Warning in mgcv::pcls(G) :
     initial parameters very close to inequality constraints
    Warning in mgcv::pcls(G) :
     initial point very close to some inequality constraints
    Warning in mgcv::pcls(G) :
     initial parameters very close to inequality constraints
    ptratio fits better than xs(ptratio). Using bare component.
    --- finished re-building 'extras.Rmd'
    
    --- re-building 'graphics.Rmd' using rmarkdown
    Loading required package: nlme
    This is mgcv 1.8-38. For overview type 'help("mgcv-package")'.
    --- finished re-building 'graphics.Rmd'
    
    --- re-building 'methods.Rmd' using rmarkdown
    Quitting from lines 17-32 (methods.Rmd)
    Error: processing vignette 'methods.Rmd' failed with diagnostics:
    there is no package called 'factorMerger'
    --- failed re-building 'methods.Rmd'
    
    --- re-building 'xspliner.Rmd' using rmarkdown
    --- finished re-building 'xspliner.Rmd'
    
    SUMMARY: processing the following files failed:
     'automation.Rmd' 'cases.Rmd' 'discrete.Rmd' 'methods.Rmd'
    
    Error: Vignette re-building failed.
    Execution halted
Flavor: r-devel-windows-x86_64-new-TK