CRAN Package Check Results for Package yaps

Last updated on 2021-05-05 22:51:55 CEST.

Flavor Version Tinstall Tcheck Ttotal Status Flags
r-devel-linux-x86_64-debian-clang 1.2.5 102.77 194.11 296.88 OK
r-devel-linux-x86_64-debian-gcc 1.2.5 61.01 137.95 198.96 OK
r-devel-linux-x86_64-fedora-clang 1.2.5 395.18 NOTE
r-devel-linux-x86_64-fedora-gcc 1.2.5 334.80 OK
r-devel-windows-ix86+x86_64 1.2.5 144.00 504.00 648.00 NOTE
r-devel-windows-x86_64-gcc10-UCRT 1.2.5 OK
r-patched-linux-x86_64 1.2.5 60.66 189.43 250.09 OK
r-patched-solaris-x86 1.2.5 424.10 OK
r-release-linux-x86_64 1.2.5 54.84 185.02 239.86 OK
r-release-macos-x86_64 1.2.5 NOTE
r-release-windows-ix86+x86_64 1.2.5 102.00 389.00 491.00 NOTE
r-oldrel-macos-x86_64 1.2.5 NOTE
r-oldrel-windows-ix86+x86_64 1.2.5 134.00 5.00 139.00 ERROR

Check Details

Version: 1.2.5
Check: installed package size
Result: NOTE
     installed size is 14.7Mb
     sub-directories of 1Mb or more:
     libs 12.7Mb
Flavors: r-devel-linux-x86_64-fedora-clang, r-devel-windows-ix86+x86_64, r-release-macos-x86_64, r-release-windows-ix86+x86_64, r-oldrel-macos-x86_64

Version: 1.2.5
Check: whether package can be installed
Result: ERROR
    Installation failed.
    See 'd:/Rcompile/CRANpkg/local/3.6/yaps.Rcheck/00install.out'*
Flavor: r-oldrel-windows-ix86+x86_64