Last updated on 2023-02-01 19:54:26 CET.
Flavor | Version | Tinstall | Tcheck | Ttotal | Status | Flags |
---|---|---|---|---|---|---|
r-devel-linux-x86_64-debian-clang | 1.2.5 | 107.52 | 206.07 | 313.59 | OK | |
r-devel-linux-x86_64-debian-gcc | 1.2.5 | 70.25 | 145.59 | 215.84 | OK | |
r-devel-linux-x86_64-fedora-clang | 1.2.5 | 367.49 | OK | |||
r-devel-linux-x86_64-fedora-gcc | 1.2.5 | 383.98 | OK | |||
r-patched-linux-x86_64 | 1.2.5 | 68.91 | 199.24 | 268.15 | OK | |
r-release-linux-x86_64 | 1.2.5 | 66.61 | 202.20 | 268.81 | OK | |
r-release-macos-arm64 | 1.2.5 | 116.00 | NOTE | |||
r-release-macos-x86_64 | 1.2.5 | 162.00 | NOTE | |||
r-release-windows-x86_64 | 1.2.5 | 134.00 | 272.00 | 406.00 | NOTE | |
r-oldrel-macos-arm64 | 1.2.5 | 129.00 | NOTE | |||
r-oldrel-macos-x86_64 | 1.2.5 | 177.00 | NOTE | |||
r-oldrel-windows-ix86+x86_64 | 1.2.5 | 152.00 | 471.00 | 623.00 | NOTE |
Version: 1.2.5
Check: installed package size
Result: NOTE
installed size is 27.4Mb
sub-directories of 1Mb or more:
libs 25.4Mb
Flavors: r-release-macos-arm64, r-release-macos-x86_64, r-release-windows-x86_64, r-oldrel-macos-arm64, r-oldrel-macos-x86_64, r-oldrel-windows-ix86+x86_64