CRAN Package Check Results for Package yarr

Last updated on 2021-12-08 19:51:54 CET.

Flavor Version Tinstall Tcheck Ttotal Status Flags
r-devel-linux-x86_64-debian-clang 0.1.2 2.21 29.90 32.11 NOTE
r-devel-linux-x86_64-debian-gcc 0.1.2 1.58 25.36 26.94 NOTE
r-devel-linux-x86_64-fedora-clang 0.1.2 43.42 NOTE
r-devel-linux-x86_64-fedora-gcc 0.1.2 29.29 NOTE
r-devel-windows-x86_64-new-UL 0.1.2 6.00 54.00 60.00 NOTE
r-devel-windows-x86_64-new-TK 0.1.2 NOTE
r-devel-windows-x86_64-old 0.1.2 4.00 29.00 33.00 NOTE
r-patched-linux-x86_64 0.1.2 1.82 29.11 30.93 NOTE
r-release-linux-x86_64 0.1.2 2.16 28.99 31.15 NOTE
r-release-macos-arm64 0.1.2 NOTE
r-release-macos-x86_64 0.1.2 NOTE
r-release-windows-ix86+x86_64 0.1.2 4.00 39.00 43.00 NOTE
r-oldrel-macos-x86_64 0.1.2 OK
r-oldrel-windows-ix86+x86_64 0.1.2 5.00 41.00 46.00 OK

Check Details

Version: 0.1.2
Check: LazyData
Result: NOTE
     'LazyData' is specified without a 'data' directory
Flavors: r-devel-linux-x86_64-debian-clang, r-devel-linux-x86_64-debian-gcc, r-devel-linux-x86_64-fedora-clang, r-devel-linux-x86_64-fedora-gcc, r-devel-windows-x86_64-new-UL, r-devel-windows-x86_64-new-TK, r-devel-windows-x86_64-old, r-patched-linux-x86_64, r-release-linux-x86_64, r-release-macos-arm64, r-release-macos-x86_64, r-release-windows-ix86+x86_64