CRAN Package Check Results for Package yesno

Last updated on 2024-03-04 19:54:29 CET.

Flavor Version Tinstall Tcheck Ttotal Status Flags
r-devel-linux-x86_64-debian-clang 0.1.2 1.59 22.93 24.52 NOTE
r-devel-linux-x86_64-debian-gcc 0.1.2 1.48 18.20 19.68 NOTE
r-devel-linux-x86_64-fedora-clang 0.1.2 31.37 NOTE
r-devel-linux-x86_64-fedora-gcc 0.1.2 30.24 NOTE
r-devel-windows-x86_64 0.1.2 2.00 46.00 48.00 NOTE
r-patched-linux-x86_64 0.1.2 2.12 22.90 25.02 NOTE
r-release-linux-x86_64 0.1.2 1.83 22.89 24.72 NOTE
r-release-macos-arm64 0.1.2 17.00 NOTE
r-release-macos-x86_64 0.1.2 21.00 NOTE
r-release-windows-x86_64 0.1.2 3.00 44.00 47.00 NOTE
r-oldrel-macos-arm64 0.1.2 18.00 NOTE
r-oldrel-windows-x86_64 0.1.2 3.00 47.00 50.00 NOTE

Check Details

Version: 0.1.2
Check: LazyData
Result: NOTE 'LazyData' is specified without a 'data' directory Flavors: r-devel-linux-x86_64-debian-clang, r-devel-linux-x86_64-debian-gcc, r-devel-linux-x86_64-fedora-clang, r-devel-linux-x86_64-fedora-gcc, r-devel-windows-x86_64, r-patched-linux-x86_64, r-release-linux-x86_64, r-release-macos-arm64, r-release-macos-x86_64, r-release-windows-x86_64, r-oldrel-macos-arm64, r-oldrel-windows-x86_64