CRAN Package Check Results for Package ymlthis

Last updated on 2022-01-28 19:51:15 CET.

Flavor Version Tinstall Tcheck Ttotal Status Flags
r-devel-linux-x86_64-debian-clang 0.1.5 4.06 59.76 63.82 OK
r-devel-linux-x86_64-debian-gcc 0.1.5 2.95 45.92 48.87 OK
r-devel-linux-x86_64-fedora-clang 0.1.5 82.36 NOTE
r-devel-linux-x86_64-fedora-gcc 0.1.5 67.79 NOTE
r-devel-windows-x86_64-new-UL 0.1.5 87.00 129.00 216.00 OK
r-devel-windows-x86_64-new-TK 0.1.5 NOTE
r-patched-linux-x86_64 0.1.5 5.17 57.74 62.91 OK
r-release-linux-x86_64 0.1.5 3.83 58.00 61.83 OK
r-release-macos-arm64 0.1.5 NOTE
r-release-macos-x86_64 0.1.5 NOTE
r-release-windows-ix86+x86_64 0.1.5 10.00 80.00 90.00 OK
r-oldrel-macos-x86_64 0.1.5 NOTE
r-oldrel-windows-ix86+x86_64 0.1.5 10.00 81.00 91.00 OK

Check Details

Version: 0.1.5
Check: dependencies in R code
Result: NOTE
    Namespaces in Imports field not imported from:
     ‘miniUI’ ‘shinyBS’
     All declared Imports should be used.
Flavors: r-devel-linux-x86_64-fedora-clang, r-devel-linux-x86_64-fedora-gcc, r-devel-windows-x86_64-new-TK, r-release-macos-arm64, r-release-macos-x86_64, r-oldrel-macos-x86_64