Last updated on 2021-01-18 19:50:23 CET.
Flavor | Version | Tinstall | Tcheck | Ttotal | Status | Flags |
---|---|---|---|---|---|---|
r-devel-linux-x86_64-debian-clang | 1.9.6 | 136.49 | 205.51 | 342.00 | OK | |
r-devel-linux-x86_64-debian-gcc | 1.9.6 | 96.69 | 154.80 | 251.49 | OK | |
r-devel-linux-x86_64-fedora-clang | 1.9.6 | 545.51 | NOTE | |||
r-devel-linux-x86_64-fedora-gcc | 1.9.6 | 393.34 | OK | |||
r-devel-windows-ix86+x86_64 | 1.9.6 | 195.00 | 350.00 | 545.00 | NOTE | |
r-patched-linux-x86_64 | 1.9.6 | 105.61 | 189.95 | 295.56 | OK | |
r-patched-solaris-x86 | 1.9.6 | 526.00 | OK | |||
r-release-linux-x86_64 | 1.9.6 | 111.11 | 192.47 | 303.58 | OK | |
r-release-macos-x86_64 | 1.9.6 | NOTE | ||||
r-release-windows-ix86+x86_64 | 1.9.6 | 217.00 | 348.00 | 565.00 | NOTE | |
r-oldrel-macos-x86_64 | 1.9.6 | NOTE | ||||
r-oldrel-windows-ix86+x86_64 | 1.9.6 | 241.00 | 305.00 | 546.00 | OK |
Version: 1.9.6
Check: installed package size
Result: NOTE
installed size is 6.5Mb
sub-directories of 1Mb or more:
R 1.9Mb
libs 3.7Mb
Flavors: r-devel-linux-x86_64-fedora-clang, r-devel-windows-ix86+x86_64, r-release-macos-x86_64, r-release-windows-ix86+x86_64, r-oldrel-macos-x86_64