Last updated on 2023-12-10 19:49:30 CET.
Flavor | Version | Tinstall | Tcheck | Ttotal | Status | Flags |
---|---|---|---|---|---|---|
r-devel-linux-x86_64-debian-clang | 1.2.1 | 15.55 | 157.03 | 172.58 | NOTE | |
r-devel-linux-x86_64-debian-gcc | 1.2.1 | 13.01 | 118.85 | 131.86 | NOTE | |
r-devel-linux-x86_64-fedora-clang | 1.2.1 | 222.51 | OK | |||
r-devel-linux-x86_64-fedora-gcc | 1.2.1 | 215.22 | OK | |||
r-devel-windows-x86_64 | 1.2.1 | 15.00 | 136.00 | 151.00 | OK | |
r-patched-linux-x86_64 | 1.2.1 | 23.39 | 143.73 | 167.12 | OK | |
r-release-linux-x86_64 | 1.2.1 | 12.36 | 151.64 | 164.00 | OK | |
r-release-macos-arm64 | 1.2.1 | 63.00 | OK | |||
r-release-macos-x86_64 | 1.2.1 | 105.00 | OK | |||
r-release-windows-x86_64 | 1.2.1 | 18.00 | 167.00 | 185.00 | OK | |
r-oldrel-macos-arm64 | 1.2.1 | 51.00 | OK | |||
r-oldrel-macos-x86_64 | 1.2.1 | 75.00 | OK | |||
r-oldrel-windows-x86_64 | 1.2.1 | 19.00 | 159.00 | 178.00 | OK |
Version: 1.2.1
Check: Rd files
Result: NOTE
checkRd: (-1) glm.cons.Rd:54: Lost braces; missing escapes or markup?
54 | \item{method}{the method used in fitting the model. The default method "\code{glm.fit.cons}" uses function {nnnpls} from package nnls instead of \code{lm.fit} to impose the sign of the coefficients. As in \code{glm}, the alternative method "\code{model.frame}" returns the model frame and does no fitting.}
| ^
Flavors: r-devel-linux-x86_64-debian-clang, r-devel-linux-x86_64-debian-gcc