Last updated on 2022-06-25 21:53:17 CEST.
Flavor | Version | Tinstall | Tcheck | Ttotal | Status | Flags |
---|---|---|---|---|---|---|
r-devel-linux-x86_64-debian-clang | 1.0.2 | 8.85 | 98.46 | 107.31 | NOTE | |
r-devel-linux-x86_64-debian-gcc | 1.0.2 | 9.07 | 74.40 | 83.47 | NOTE | |
r-devel-linux-x86_64-fedora-clang | 1.0.2 | 144.29 | NOTE | |||
r-devel-linux-x86_64-fedora-gcc | 1.0.2 | 137.73 | NOTE | |||
r-devel-windows-x86_64 | 1.0.2 | 43.00 | 123.00 | 166.00 | NOTE | |
r-patched-linux-x86_64 | 1.0.2 | 9.45 | 90.98 | 100.43 | NOTE | |
r-release-linux-x86_64 | 1.0.2 | 10.63 | 89.65 | 100.28 | NOTE | |
r-release-macos-arm64 | 1.0.2 | 37.00 | NOTE | |||
r-release-macos-x86_64 | 1.0.2 | 59.00 | NOTE | |||
r-release-windows-x86_64 | 1.0.2 | 55.00 | 124.00 | 179.00 | NOTE | |
r-oldrel-macos-arm64 | 1.0.2 | 45.00 | NOTE | |||
r-oldrel-macos-x86_64 | 1.0.2 | 77.00 | NOTE | |||
r-oldrel-windows-ix86+x86_64 | 1.0.2 | 23.00 | 118.00 | 141.00 | NOTE |
Version: 1.0.2
Check: LazyData
Result: NOTE
'LazyData' is specified without a 'data' directory
Flavors: r-devel-linux-x86_64-debian-clang, r-devel-linux-x86_64-debian-gcc, r-devel-linux-x86_64-fedora-clang, r-devel-linux-x86_64-fedora-gcc, r-devel-windows-x86_64, r-patched-linux-x86_64, r-release-linux-x86_64, r-release-macos-arm64, r-release-macos-x86_64, r-release-windows-x86_64, r-oldrel-macos-arm64, r-oldrel-macos-x86_64, r-oldrel-windows-ix86+x86_64