CRAN Package Check Results for Package zoo

Last updated on 2020-11-30 22:50:51 CET.

Flavor Version Tinstall Tcheck Ttotal Status Flags
r-devel-linux-x86_64-debian-clang 1.8-8 11.51 75.28 86.79 OK
r-devel-linux-x86_64-debian-gcc 1.8-8 7.21 66.65 73.86 OK
r-devel-linux-x86_64-fedora-clang 1.8-8 122.79 NOTE
r-devel-linux-x86_64-fedora-gcc 1.8-8 111.82 OK
r-devel-windows-ix86+x86_64 1.8-8 17.00 129.00 146.00 OK
r-patched-linux-x86_64 1.8-8 11.62 90.84 102.46 OK
r-patched-solaris-x86 1.8-8 150.50 OK
r-release-linux-x86_64 1.8-8 11.15 89.01 100.16 OK
r-release-macos-x86_64 1.8-8 OK
r-release-windows-ix86+x86_64 1.8-8 19.00 129.00 148.00 OK
r-oldrel-macos-x86_64 1.8-8 OK
r-oldrel-windows-ix86+x86_64 1.8-8 14.00 161.00 175.00 OK

Check Details

Version: 1.8-8
Check: Rd cross-references
Result: NOTE
    Undeclared packages ‘stinepack’, ‘latticeExtra’ in Rd xrefs
Flavor: r-devel-linux-x86_64-fedora-clang